{"id":57101,"date":"2025-02-03T10:58:31","date_gmt":"2025-02-03T09:58:31","guid":{"rendered":"https:\/\/kpmshc.rks-gov.net\/staff\/naim-abazi\/"},"modified":"2025-03-11T10:47:57","modified_gmt":"2025-03-11T09:47:57","slug":"naim-abazi","status":"publish","type":"staff","link":"https:\/\/kpmshc.rks-gov.net\/sr\/staff\/naim-abazi\/","title":{"rendered":"Naim Abazi"},"content":{"rendered":"\n<p>\u00cbshte em\u00ebruar An\u00ebtar i K\u00ebshillit t\u00eb Pavarur Mbik\u00ebqyr\u00ebs p\u00ebr sh\u00ebrbimin civil t\u00eb Kosov\u00ebs m\u00eb 29.01.2010 nga Kuvendi i Republik\u00ebs s\u00eb Kosov\u00ebs, nga janari i vitit 2014 \u00ebsht\u00eb zgjedhur Kryetar i K\u00ebshillit t\u00eb Pavarur Mbik\u00ebqyr\u00ebs p\u00ebr sh\u00ebrbimin civil t\u00eb Kosov\u00ebs deri m\u00eb 03.09.2014.<\/p>\n","protected":false},"featured_media":57058,"parent":0,"menu_order":9,"template":"","category-staff":[973],"class_list":["post-57101","staff","type-staff","status-publish","has-post-thumbnail","hentry","category-staff-ishanetar"],"acf":[],"_links":{"self":[{"href":"https:\/\/kpmshc.rks-gov.net\/sr\/wp-json\/wp\/v2\/staff\/57101","targetHints":{"allow":["GET"]}}],"collection":[{"href":"https:\/\/kpmshc.rks-gov.net\/sr\/wp-json\/wp\/v2\/staff"}],"about":[{"href":"https:\/\/kpmshc.rks-gov.net\/sr\/wp-json\/wp\/v2\/types\/staff"}],"version-history":[{"count":1,"href":"https:\/\/kpmshc.rks-gov.net\/sr\/wp-json\/wp\/v2\/staff\/57101\/revisions"}],"predecessor-version":[{"id":57102,"href":"https:\/\/kpmshc.rks-gov.net\/sr\/wp-json\/wp\/v2\/staff\/57101\/revisions\/57102"}],"wp:featuredmedia":[{"embeddable":true,"href":"https:\/\/kpmshc.rks-gov.net\/sr\/wp-json\/wp\/v2\/media\/57058"}],"wp:attachment":[{"href":"https:\/\/kpmshc.rks-gov.net\/sr\/wp-json\/wp\/v2\/media?parent=57101"}],"wp:term":[{"taxonomy":"category-staff","embeddable":true,"href":"https:\/\/kpmshc.rks-gov.net\/sr\/wp-json\/wp\/v2\/category-staff?post=57101"}],"curies":[{"name":"wp","href":"https:\/\/api.w.org\/{rel}","templated":true}]}}

<p>Ështe emëruar Anëtar i Këshillit të Pavarur Mbikëqyrës për shërbimin civil të Kosovës më 29.01.2010 nga Kuvendi i Republikës së Kosovës, nga janari i vitit 2014 është zgjedhur Kryetar i Këshillit të Pavarur Mbikëqyrës për shërbimin civil të Kosovës deri më 03.09.2014.</p>
