{"id":57068,"date":"2025-02-03T10:57:00","date_gmt":"2025-02-03T09:57:00","guid":{"rendered":"https:\/\/kpmshc.rks-gov.net\/staff\/bajram-ajeti\/"},"modified":"2025-03-11T10:47:40","modified_gmt":"2025-03-11T09:47:40","slug":"bajram-ajeti","status":"publish","type":"staff","link":"https:\/\/kpmshc.rks-gov.net\/sr\/staff\/bajram-ajeti\/","title":{"rendered":"Bajram Ajeti"},"content":{"rendered":"\n<p>\u00cbsht\u00eb em\u00ebruar an\u00ebtar\u00eb i K\u00ebshillit t\u00eb Pavarur Mbik\u00ebqyr\u00ebs p\u00ebr Sh\u00ebrbimin Civil t\u00eb Kosov\u00ebs m\u00eb 15 dhjetor 2008. N\u00eb janar 2013 \u00ebsht\u00eb zgjedhur kryetar\u00eb i K\u00ebshillit t\u00eb Pavarur Mbik\u00ebqyr\u00ebs p\u00ebr Sh\u00ebrbimin Civil t\u00eb Kosov\u00ebs deri m\u00eb 15 dhjetor 2013 kur i ka p\u00ebrfunduar mandati. <\/p>\n\n<p><\/p>\n","protected":false},"featured_media":57046,"parent":0,"menu_order":12,"template":"","category-staff":[973],"class_list":["post-57068","staff","type-staff","status-publish","has-post-thumbnail","hentry","category-staff-ishanetar"],"acf":[],"_links":{"self":[{"href":"https:\/\/kpmshc.rks-gov.net\/sr\/wp-json\/wp\/v2\/staff\/57068","targetHints":{"allow":["GET"]}}],"collection":[{"href":"https:\/\/kpmshc.rks-gov.net\/sr\/wp-json\/wp\/v2\/staff"}],"about":[{"href":"https:\/\/kpmshc.rks-gov.net\/sr\/wp-json\/wp\/v2\/types\/staff"}],"version-history":[{"count":1,"href":"https:\/\/kpmshc.rks-gov.net\/sr\/wp-json\/wp\/v2\/staff\/57068\/revisions"}],"predecessor-version":[{"id":57069,"href":"https:\/\/kpmshc.rks-gov.net\/sr\/wp-json\/wp\/v2\/staff\/57068\/revisions\/57069"}],"wp:featuredmedia":[{"embeddable":true,"href":"https:\/\/kpmshc.rks-gov.net\/sr\/wp-json\/wp\/v2\/media\/57046"}],"wp:attachment":[{"href":"https:\/\/kpmshc.rks-gov.net\/sr\/wp-json\/wp\/v2\/media?parent=57068"}],"wp:term":[{"taxonomy":"category-staff","embeddable":true,"href":"https:\/\/kpmshc.rks-gov.net\/sr\/wp-json\/wp\/v2\/category-staff?post=57068"}],"curies":[{"name":"wp","href":"https:\/\/api.w.org\/{rel}","templated":true}]}}

<p>Është emëruar anëtarë i Këshillit të Pavarur Mbikëqyrës për Shërbimin Civil të Kosovës më 15 dhjetor 2008. Në janar 2013 është zgjedhur kryetarë i Këshillit të Pavarur Mbikëqyrës për Shërbimin Civil të Kosovës deri më 15 dhjetor 2013 kur i ka përfunduar mandati. </p>

<p></p>
