{"id":57105,"date":"2025-02-03T10:54:40","date_gmt":"2025-02-03T09:54:40","guid":{"rendered":"https:\/\/kpmshc.rks-gov.net\/staff\/shkemb-manaj\/"},"modified":"2025-02-03T11:19:41","modified_gmt":"2025-02-03T10:19:41","slug":"shkemb-manaj","status":"publish","type":"staff","link":"https:\/\/kpmshc.rks-gov.net\/en\/staff\/shkemb-manaj\/","title":{"rendered":"Shk\u00ebmb Manaj"},"content":{"rendered":"\n<p>\u00cbshte em\u00ebruar An\u00ebtar i K\u00ebshillit t\u00eb Pavarur Mbik\u00ebqyr\u00ebs p\u00ebr sh\u00ebrbimin civil t\u00eb Kosov\u00ebs m\u00eb 15.12.2013 nga Kuvendi i Republik\u00ebs s\u00eb Kosov\u00ebs dhe ka p\u00ebrfundura mandatin m\u00eb 15.12.2019.<\/p>\n\n<p>Ka mbaruar studimet themelore dhe studimet postdiplomike t\u00eb nivelit master n\u00eb Fakultetin Juridik t\u00eb Universitetit t\u00eb Prishtin\u00ebs.Aktualisht \u00ebsht\u00eb duke ndjekur studimet e doktoratur\u00ebs n\u00eb Fakultetin Juridik t\u00eb Universitetit Evropian t\u00eb Tiran\u00ebs, Drejtimi i t\u00eb Drejt\u00ebs Publike, me tem\u00eb t\u00eb disertacionit \u201cSh\u00ebrbimi Civil n\u00eb shtetin e Kosov\u00ebs 1999-2012\u201d me udh\u00ebheq\u00ebs mentorial prof. Dr. Ferit Duka.<\/p>\n\n<p>Ka filluar karrier\u00ebn n\u00eb sh\u00ebrbimin civil n\u00eb tetor t\u00eb vitit 2007 n\u00eb Ministrin\u00eb e Administrat\u00ebs Publike, respektivisht n\u00eb Departamentin e Administrimit t\u00eb Sh\u00ebrbimit Civil n\u00eb pozit\u00ebn e Zyrtarit t\u00eb Lart\u00eb p\u00ebr Menaxhimin dhe Koordinimin e Reform\u00ebs se Administrat\u00ebs publike n\u00eb Kosov\u00eb.<br\/>N\u00eb shkurt t\u00eb vitit 2009 \u00ebsht\u00eb zgjedhur Drejtor i Departamentit t\u00eb Administrat\u00ebs Qendrore n\u00eb Ministrin\u00eb e Kultur\u00ebs, Rinis\u00eb dhe Sportit.<br\/>Nga tetori i vitit 2010 e deri n\u00eb janar 2011 e ka ushtruar detyr\u00ebn e Sekretarit t\u00eb P\u00ebrgjithsh\u00ebm t\u00eb MKRS-s\u00eb.<br\/>Duke pas p\u00ebr baz\u00eb, kualitetet profesionale, n\u00eb n\u00ebntor t\u00eb vitit 2012, Sekretari i P\u00ebrgjithsh\u00ebm i MKRS-s\u00eb, e transferoj nga pozita e Drejtorit t\u00eb Departamentit t\u00eb Administrat\u00ebs Qendrore n\u00eb pozit\u00ebn e Drejtorit t\u00eb Departamentit Ligjor n\u00eb Ministrin\u00eb e Kultur\u00ebs, Rinis\u00eb dhe Sportit, pozit\u00eb t\u00eb cil\u00ebn e ushtron deri me dat\u00ebn 13.12.2013, kur Kuvendi i Republik\u00ebs s\u00eb Kosov\u00ebs, me votim t\u00eb fsheht\u00eb e zgjedh\u00eb An\u00ebtar\u00eb t\u00eb K\u00ebshillit t\u00eb Pavarur Mbik\u00ebqyr\u00ebs p\u00ebr Sh\u00ebrbimin Civil t\u00eb Kosov\u00ebs.<br\/>\u00cbsht\u00eb i martuar dhe \u00ebsht\u00eb baba i dy vajzave. Jeton n\u00eb Prishtin\u00eb. <\/p>\n","protected":false},"featured_media":57029,"parent":0,"menu_order":16,"template":"","category-staff":[973],"class_list":["post-57105","staff","type-staff","status-publish","has-post-thumbnail","hentry","category-staff-ishanetar"],"acf":[],"_links":{"self":[{"href":"https:\/\/kpmshc.rks-gov.net\/en\/wp-json\/wp\/v2\/staff\/57105","targetHints":{"allow":["GET"]}}],"collection":[{"href":"https:\/\/kpmshc.rks-gov.net\/en\/wp-json\/wp\/v2\/staff"}],"about":[{"href":"https:\/\/kpmshc.rks-gov.net\/en\/wp-json\/wp\/v2\/types\/staff"}],"version-history":[{"count":1,"href":"https:\/\/kpmshc.rks-gov.net\/en\/wp-json\/wp\/v2\/staff\/57105\/revisions"}],"predecessor-version":[{"id":57106,"href":"https:\/\/kpmshc.rks-gov.net\/en\/wp-json\/wp\/v2\/staff\/57105\/revisions\/57106"}],"wp:featuredmedia":[{"embeddable":true,"href":"https:\/\/kpmshc.rks-gov.net\/en\/wp-json\/wp\/v2\/media\/57029"}],"wp:attachment":[{"href":"https:\/\/kpmshc.rks-gov.net\/en\/wp-json\/wp\/v2\/media?parent=57105"}],"wp:term":[{"taxonomy":"category-staff","embeddable":true,"href":"https:\/\/kpmshc.rks-gov.net\/en\/wp-json\/wp\/v2\/category-staff?post=57105"}],"curies":[{"name":"wp","href":"https:\/\/api.w.org\/{rel}","templated":true}]}}

Shkëmb Manaj

<p>Ështe emëruar Anëtar i Këshillit të Pavarur Mbikëqyrës për shërbimin civil të Kosovës më 15.12.2013 nga Kuvendi i Republikës së Kosovës dhe ka përfundura mandatin më 15.12.2019.</p>

<p>Ka mbaruar studimet themelore dhe studimet postdiplomike të nivelit master në Fakultetin Juridik të Universitetit të Prishtinës.Aktualisht është duke ndjekur studimet e doktoraturës në Fakultetin Juridik të Universitetit Evropian të Tiranës, Drejtimi i të Drejtës Publike, me temë të disertacionit “Shërbimi Civil në shtetin e Kosovës 1999-2012” me udhëheqës mentorial prof. Dr. Ferit Duka.</p>

<p>Ka filluar karrierën në shërbimin civil në tetor të vitit 2007 në Ministrinë e Administratës Publike, respektivisht në Departamentin e Administrimit të Shërbimit Civil në pozitën e Zyrtarit të Lartë për Menaxhimin dhe Koordinimin e Reformës se Administratës publike në Kosovë.<br/>Në shkurt të vitit 2009 është zgjedhur Drejtor i Departamentit të Administratës Qendrore në Ministrinë e Kulturës, Rinisë dhe Sportit.<br/>Nga tetori i vitit 2010 e deri në janar 2011 e ka ushtruar detyrën e Sekretarit të Përgjithshëm të MKRS-së.<br/>Duke pas për bazë, kualitetet profesionale, në nëntor të vitit 2012, Sekretari i Përgjithshëm i MKRS-së, e transferoj nga pozita e Drejtorit të Departamentit të Administratës Qendrore në pozitën e Drejtorit të Departamentit Ligjor në Ministrinë e Kulturës, Rinisë dhe Sportit, pozitë të cilën e ushtron deri me datën 13.12.2013, kur Kuvendi i Republikës së Kosovës, me votim të fshehtë e zgjedhë Anëtarë të Këshillit të Pavarur Mbikëqyrës për Shërbimin Civil të Kosovës.<br/>Është i martuar dhe është baba i dy vajzave. Jeton në Prishtinë. </p>
