{"id":57070,"date":"2025-02-03T10:55:22","date_gmt":"2025-02-03T09:55:22","guid":{"rendered":"https:\/\/kpmshc.rks-gov.net\/staff\/bajram-zogiani\/"},"modified":"2025-02-03T11:19:58","modified_gmt":"2025-02-03T10:19:58","slug":"bajram-zogiani","status":"publish","type":"staff","link":"https:\/\/kpmshc.rks-gov.net\/en\/staff\/bajram-zogiani\/","title":{"rendered":"Bajram Zogiani"},"content":{"rendered":"\n<p>Bajram Zogiani \u00ebsht\u00eb em\u00ebruar an\u00ebtar\u00eb i K\u00ebshillit t\u00eb Pavarur Mbik\u00ebqyr\u00ebs p\u00ebr Sh\u00ebrbimin Civil t\u00eb Kosov\u00ebs n\u00eb vitin 2004. \u00cbsht\u00eb rizgjedhur si an\u00ebtar\u00eb n\u00eb vitin 2008 deri m\u00eb 15 dhjetor 2013 ku i ka p\u00ebrfunduar mandati si an\u00ebtar\u00eb i K\u00ebshillit t\u00eb Pavarur Mbik\u00ebqyr\u00ebs p\u00ebr Sh\u00ebrbimin Civil t\u00eb Kosov\u00ebs. <\/p>\n","protected":false},"featured_media":57033,"parent":0,"menu_order":15,"template":"","category-staff":[973],"class_list":["post-57070","staff","type-staff","status-publish","has-post-thumbnail","hentry","category-staff-ishanetar"],"acf":[],"_links":{"self":[{"href":"https:\/\/kpmshc.rks-gov.net\/en\/wp-json\/wp\/v2\/staff\/57070","targetHints":{"allow":["GET"]}}],"collection":[{"href":"https:\/\/kpmshc.rks-gov.net\/en\/wp-json\/wp\/v2\/staff"}],"about":[{"href":"https:\/\/kpmshc.rks-gov.net\/en\/wp-json\/wp\/v2\/types\/staff"}],"version-history":[{"count":1,"href":"https:\/\/kpmshc.rks-gov.net\/en\/wp-json\/wp\/v2\/staff\/57070\/revisions"}],"predecessor-version":[{"id":57071,"href":"https:\/\/kpmshc.rks-gov.net\/en\/wp-json\/wp\/v2\/staff\/57070\/revisions\/57071"}],"wp:featuredmedia":[{"embeddable":true,"href":"https:\/\/kpmshc.rks-gov.net\/en\/wp-json\/wp\/v2\/media\/57033"}],"wp:attachment":[{"href":"https:\/\/kpmshc.rks-gov.net\/en\/wp-json\/wp\/v2\/media?parent=57070"}],"wp:term":[{"taxonomy":"category-staff","embeddable":true,"href":"https:\/\/kpmshc.rks-gov.net\/en\/wp-json\/wp\/v2\/category-staff?post=57070"}],"curies":[{"name":"wp","href":"https:\/\/api.w.org\/{rel}","templated":true}]}}

<p>Bajram Zogiani është emëruar anëtarë i Këshillit të Pavarur Mbikëqyrës për Shërbimin Civil të Kosovës në vitin 2004. Është rizgjedhur si anëtarë në vitin 2008 deri më 15 dhjetor 2013 ku i ka përfunduar mandati si anëtarë i Këshillit të Pavarur Mbikëqyrës për Shërbimin Civil të Kosovës. </p>
